 divided by 35367.
863
Calculate the remainder when 2654691 is divided by 4331.
4119
What is the remainder when 39587358 is divided by 182?
174
Calculate the remainder when 45340 is divided by 171.
25
Calculate the remainder when 701439 is divided by 7014.
39
Calculate the remainder when 80309679 is divided by 3060.
3039
Calculate the remainder when 20568506 is divided by 208.
10
Calculate the remainder when 89566 is divided by 4258.
148
What is the remainder when 16972 is divided by 17?
6
Calculate the remainder when 443289 is divided by 14638.
4149
What is the remainder when 39946 is divided by 5894?
4582
What is the remainder when 76599 is divided by 7379?
2809
Calculate the remainder when 180224 is divided by 934.
896
What is the remainder when 761304 is divided by 47?
45
Calculate the remainder when 42579889 is divided by 553.
548
What is the remainder when 1247440 is divided by 1247222?
218
Calculate the remainder when 15069165 is divided by 30078.
87
What is the remainder when 95305959 is divided by 4?
3
What is the remainder when 1105834 is divided by 3675?
3334
What is the remainder when 4645780 is divided by 110611?
118
What is the remainder when 39713855 is divided by 39?
38
Calculate the remainder when 9964696 is divided by 3321563.
7
What is the remainder when 4233124 is divided by 67?
64
Calculate the remainder when 16521630 is divided by 319.
301
What is the remainder when 2738562 is divided by 72?
42
Calculate the remainder when 198472286 is divided by 23.
19
Calculate the remainder when 99302386 is divided by 244.
242
What is the remainder when 12831986 is divided by 149209?
12
What is the remainder when 1683553 is divided by 168354?
13
What is the remainder when 1541806 is divided by 631?
273
What is the remainder when 7510037 is divided by 95063?
60
Calculate the remainder when 5369112 is divided by 57.
54
What is the remainder when 597729 is divided by 558?
111
What is the remainder when 47000994 is divided by 5684?
5682
Calculate the remainder when 49549389 is divided by 1837.
1825
Calculate the remainder when 365771 is divided by 121916.
23
What is the remainder when 112629 is divided by 2172?
1857
Calculate the remainder when 3410396 is divided by 83179.
57
Calculate the remainder when 1367434 is divided by 963.
937
Calculate the remainder when 431508 is divided by 61636.
56
Calculate the remainder when 32108857 is divided by 4.
1
What is the remainder when 5365079 is divided by 84?
83
What is the remainder when 317625 is divided by 158668?
289
Calculate the remainder when 591953 is divided by 591947.
6
What is the remainder when 5660256 is divided by 22916?
4
Calculate the remainder when 41253097 is divided by 70.
67
What is the remainder when 729672 is divided by 130?
112
Calculate the remainder when 24494 is divided by 1366.
1272
Calculate the remainder when 59880 is divided by 59094.
786
What is the remainder when 86490 is divided by 2059?
12
What is the remainder when 2252536 is divided by 50056?
16
Calculate the remainder when 49875052 is divided by 154.
150
What is the remainder when 480073 is divided by 10436?
17
Calculate the remainder when 178749 is divided by 196.
193
What is the remainder when 137140 is divided by 464?
260
Calculate the remainder when 107555299 is divided by 1212.
1207
What is the remainder when 21508125 is divided by 32887?
27
What is the remainder when 614899 is divided by 4800?
499
What is the remainder when 106381 is divided by 4382?
1213
What is the remainder when 590420932 is divided by 3942?
3940
Calculate the remainder when 722642 is divided by 103228.
46
Calculate the remainder when 7309537 is divided by 15.
7
Calculate the remainder when 7094252 is divided by 2364719.
95
What is the remainder when 257497 is divided by 13018?
10155
What is the remainder when 12992066 is divided by 4330672?
50
Calculate the remainder when 20780 is divided by 106.
4
Calculate the remainder when 146883 is divided by 2886.
2583
Calculate the remainder when 3847880 is divided by 46360.
0
What is the remainder when 304197 is divided by 151858?
481
What is the remainder when 1481354 is divided by 2397?
8
Calculate the remainder when 2592646 is divided by 42.
28
Calculate the remainder when 18633076 is divided by 47053.
88
What is the remainder when 132425 is divided by 1365?
20
Calculate the remainder when 609806 is divided by 76225.
6
Calculate the remainder when 1377893 is divided by 2576.
2309
Calculate the remainder when 281617 is divided by 584.
129
Calculate the remainder when 833187 is divided by 5618.
1723
What is the remainder when 5887626 is divided by 1056?
426
What is the remainder when 2801919 is divided by 144?
111
Calculate the remainder when 2831963 is divided by 11.
2
What is the remainder when 828850 is divided by 276217?
199
Calculate the remainder when 127813 is divided by 171.
76
What is the remainder when 8484651 is divided by 304?
11
Calculate the remainder when 348802 is divided by 1208.
898
What is the remainder when 13752 is divided by 593?
113
Calculate the remainder when 3073022 is divided by 82.
72
What is the remainder when 297796 is divided by 436?
8
What is the remainder when 119331032 is divided by 3194?
3192
What is the remainder when 730751 is divided by 113?
93
What is the remainder when 384832 is divided by 1081?
1077
Calculate the remainder when 4614108 is divided by 21.
9
Calculate the remainder when 1794631 is divided by 58.
53
What is the remainder when 20463030 is divided by 16?
6
Calculate the remainder when 211993 is divided by 2150.
1293
What is the remainder when 2285368 is divided by 253920?
88
What is the remainder when 10953515 is divided by 6?
5
What is the remainder when 1913799 is divided by 366?
351
Calculate the remainder when 156732443 is divided by 1017743.
21
Calculate the remainder when 21106620 is divided by 2464.
2460
Calculate the remainder when 2723967 is divided by 1570.
17
What is the remainder when 3299107 is divided by 23?
10
What is the remainder when 16564484 is divided by 418?
398
Calculate the remainder when 214757 is divided by 107365.
27
Calculate the remainder when 254581 is divided by 116.
77
Calculate the remainder when 11324483 is divided by 95969.
141
What is the remainder when 863450 is divided by 172073?
3085
What is the remainder when 14894831 is divided by 97?
93
Calculate the remainder when 1206232 is divided by 7492.
20
Calculate the remainder when 108040657 is divided by 70.
67
Calculate the remainder when 18155429 is divided by 366.
365
What is the remainder when 62398 is divided by 1521?
37
Calculate the remainder when 102594151 is divided by 150.
1
What is the remainder when 545938 is divided by 57?
49
Calculate the remainder when 16694472 is divided by 362.
118
Calculate the remainder when 5223207 is divided by 34363.
31
Calculate the remainder when 8555265 is divided by 658.
607
What is the remainder when 201030177 is divided by 10?
7
Calculate the remainder when 5527499 is divided by 915.
899
Calculate the remainder when 116985975 is divided by 18.
15
What is the remainder when 1630859 is divided by 179?
169
Calculate the remainder when 13798 is divided by 11364.
2434
What is the remainder when 786524 is divided by 56093?
1222
Calculate the remainder when 3225648 is divided by 1003.
0
Calculate the remainder when 17697931 is divided by 111.
91
Calculate the remainder when 48693658 is divided by 263.
260
What is the remainder when 1887306 is divided by 37006?
0
Calculate the remainder when 7773023 is divided by 224.
223
Calculate the remainder when 38216391 is divided by 12738795.
6
Calculate the remainder when 126465 is divided by 4767.
2523
What is the remainder when 1852920 is divided by 1187?
13
Calculate the remainder when 29315439 is divided by 29315432.
7
Calculate the remainder when 284055 is divided by 56683.
640
What is the remainder when 4668836 is divided by 8?
4
Calculate the remainder when 71431528 is divided by 17857878.
16
What is the remainder when 836292 is divided by 754?
106
What is the remainder when 50989 is divided by 7049?
1646
What is the remainder when 5057903 is divided by 66?
59
What is the remainder when 14839 is divided by 4566?
1141
What is the remainder when 20186723 is divided by 20